 when 502037817 is divided by 12?
9
What is the remainder when 42332 is divided by 4356?
3128
What is the remainder when 7298672 is divided by 317332?
36
Calculate the remainder when 1490490 is divided by 289.
117
What is the remainder when 559881 is divided by 120?
81
Calculate the remainder when 2071589 is divided by 234.
221
What is the remainder when 213402 is divided by 667?
629
Calculate the remainder when 12965470 is divided by 5997.
5953
Calculate the remainder when 10262564 is divided by 855213.
8
Calculate the remainder when 216788 is divided by 6898.
2950
Calculate the remainder when 45482 is divided by 950.
832
What is the remainder when 25643510 is divided by 12841?
33
What is the remainder when 22358 is divided by 3447?
1676
Calculate the remainder when 916493 is divided by 45813.
233
What is the remainder when 88586 is divided by 4920?
26
Calculate the remainder when 132351 is divided by 131993.
358
Calculate the remainder when 336413 is divided by 336138.
275
Calculate the remainder when 1303855 is divided by 22095.
250
Calculate the remainder when 78845108 is divided by 730.
728
Calculate the remainder when 8406524 is divided by 678.
2
Calculate the remainder when 126752 is divided by 63284.
184
Calculate the remainder when 20127407 is divided by 111.
110
Calculate the remainder when 93078270 is divided by 12865.
12860
Calculate the remainder when 14012337 is divided by 125.
87
Calculate the remainder when 5128845 is divided by 3557.
3208
What is the remainder when 69360 is divided by 17308?
128
Calculate the remainder when 733308 is divided by 64.
60
What is the remainder when 5462339 is divided by 225?
14
Calculate the remainder when 168654 is divided by 3123.
12
What is the remainder when 518198 is divided by 15236?
174
What is the remainder when 50673 is divided by 7288?
6945
Calculate the remainder when 2059779 is divided by 223.
151
Calculate the remainder when 62985 is divided by 4793.
676
What is the remainder when 929219 is divided by 1337?
4
What is the remainder when 2259388 is divided by 1537?
1535
Calculate the remainder when 302752 is divided by 100020.
2692
What is the remainder when 1562760 is divided by 233?
29
Calculate the remainder when 278550 is divided by 407.
162
What is the remainder when 1644655 is divided by 20558?
15
Calculate the remainder when 22267142 is divided by 26.
14
Calculate the remainder when 910626 is divided by 129.
15
What is the remainder when 4507749 is divided by 160991?
1
What is the remainder when 74592956 is divided by 195?
191
What is the remainder when 4078111 is divided by 248?
247
What is the remainder when 56903470 is divided by 12?
10
What is the remainder when 251108 is divided by 171?
80
What is the remainder when 15471 is divided by 1663?
504
What is the remainder when 818160 is divided by 188?
172
What is the remainder when 834836 is divided by 1432?
1412
What is the remainder when 600507 is divided by 100?
7
Calculate the remainder when 4669853 is divided by 50757.
209
What is the remainder when 60288 is divided by 7530?
48
Calculate the remainder when 92109 is divided by 11276.
1901
Calculate the remainder when 12559999 is divided by 128.
127
What is the remainder when 1468722 is divided by 293744?
2
What is the remainder when 2209459 is divided by 276057?
1003
Calculate the remainder when 9567136 is divided by 4147.
7
Calculate the remainder when 1260139 is divided by 5807.
20
Calculate the remainder when 3255864 is divided by 5682.
78
Calculate the remainder when 527599 is divided by 3297.
79
What is the remainder when 759445 is divided by 771?
10
What is the remainder when 2990038 is divided by 15?
13
What is the remainder when 12371996 is divided by 30?
26
Calculate the remainder when 165297 is divided by 1175.
797
Calculate the remainder when 23968902 is divided by 905.
882
Calculate the remainder when 23051 is divided by 766.
71
Calculate the remainder when 388772 is divided by 64784.
68
What is the remainder when 1535528 is divided by 86?
84
What is the remainder when 24963567 is divided by 28?
27
What is the remainder when 114248633 is divided by 57124308?
17
What is the remainder when 4742028 is divided by 1135?
1133
Calculate the remainder when 224667 is divided by 1524.
639
What is the remainder when 231525 is divided by 19292?
21
Calculate the remainder when 328519 is divided by 3641.
829
Calculate the remainder when 177084 is divided by 59025.
9
Calculate the remainder when 7387419 is divided by 670.
669
What is the remainder when 710294 is divided by 1953?
1355
Calculate the remainder when 11330590 is divided by 56.
54
What is the remainder when 218479 is divided by 169?
131
Calculate the remainder when 402469 is divided by 33.
1
Calculate the remainder when 9943 is divided by 416.
375
What is the remainder when 245372 is divided by 238009?
7363
What is the remainder when 3508557 is divided by 2129?
2094
Calculate the remainder when 9481108 is divided by 145863.
13
What is the remainder when 14747995 is divided by 38010?
115
What is the remainder when 18124300 is divided by 1812426?
40
Calculate the remainder when 48710 is divided by 16093.
431
What is the remainder when 1206581 is divided by 1203395?
3186
Calculate the remainder when 88274 is divided by 14695.
104
What is the remainder when 701729 is divided by 530?
9
What is the remainder when 858915 is divided by 107?
26
What is the remainder when 10830781 is divided by 279?
1
Calculate the remainder when 445946 is divided by 169.
124
Calculate the remainder when 2924598 is divided by 20.
18
Calculate the remainder when 184437 is divided by 46095.
57
Calculate the remainder when 8997497 is divided by 141.
5
What is the remainder when 3896955 is divided by 199?
137
Calculate the remainder when 3477954 is divided by 40917.
9
What is the remainder when 60156 is divided by 59534?
622
Calculate the remainder when 419821 is divided by 421.
84
What is the remainder when 187742571 is divided by 62580849?
24
Calculate the remainder when 660865 is divided by 10638.
1309
What is the remainder when 1854480 is divided by 4168?
3888
Calculate the remainder when 153274 is divided by 73426.
6422
Calculate the remainder when 47385 is divided by 145.
115
What is the remainder when 2684640 is divided by 45?
30
What is the remainder when 18209 is divided by 6?
5
Calculate the remainder when 11414865 is divided by 5707424.
17
What is the remainder when 472405 is divided by 1248?
661
Calculate the remainder when 540455 is divided by 540378.
77
What is the remainder when 164513939 is divided by 460?
459
Calculate the remainder when 411330 is divided by 220.
150
Calculate the remainder when 293448 is divided by 1578.
1518
What is the remainder when 520346 is divided by 20813?
21
What is the remainder when 3517151 is divided by 457?
79
Calculate the remainder when 32811616 is divided by 24.
16
Calculate the remainder when 73822 is divided by 24552.
166
Calculate the remainder when 125787143 is divided by 12.
11
What is the remainder when 34516386 is divided by 616364?
2
Calculate the remainder when 76184 is divided by 25186.
626
Calculate the remainder when 5908609 is divided by 429.
421
Calculate the remainder when 1648979 is divided by 29.
10
What is the remainder when 1706546 is divided by 853255?
36
Calculate the remainder when 134437143 is divided by 350.
43
Calculate the remainder when 1426213 is divided by 418.
415
Calculate the remainder when 193952030 is divided by 357.
356
What is the remainder when 23296831 is divided by 373?
370
Calculate the remainder when 170681061 is divided by 2458.
2457
What is the remainder when 94472 is divided by 2394?
1106
Calculate the remainder when 345634 is divided by 47.
43
What is the remainder when 2729248 is divided by 750?
748
Calculate the remainder when 23177301 is divided by 11588650.
1
Calculate the remainder when 1790672865 is divided by 3034.
3031
What is the remainder when 15908417 is divided by 3977103?
5
What is the remainder when 64748 is divided by 10791?
2
What is the remainder when 14660515 is divided by 6781?
6774
Calculate the remainder when 4642455 is divided by 4642443.
12
What is the remainder when 3379756 is divided by 1126561?
73
Calculate the remainder wh